{"id":45,"date":"2024-10-24T15:51:38","date_gmt":"2024-10-24T13:51:38","guid":{"rendered":"https:\/\/lamaisonmadeira.com\/?page_id=45"},"modified":"2024-10-31T17:31:08","modified_gmt":"2024-10-31T16:31:08","slug":"homepage","status":"publish","type":"page","link":"https:\/\/lamaisonmadeira.com\/index.php\/homepage\/","title":{"rendered":"Homepage"},"content":{"rendered":"<div class=\"wpb-content-wrapper\"><p>[vc_row unlock_row_content=\u00a0\u00bbyes\u00a0\u00bb row_height_percent=\u00a0\u00bb100&Prime; back_image=\u00a0\u00bb25&Prime; overlay_color=\u00a0\u00bbcolor-203177&Prime; overlay_alpha=\u00a0\u00bb80&Prime; overlay_color_blend=\u00a0\u00bbmultiply\u00a0\u00bb gutter_size=\u00a0\u00bb3&Prime; column_width_percent=\u00a0\u00bb100&Prime; shift_y=\u00a0\u00bb0&Prime; z_index=\u00a0\u00bb0&Prime; content_parallax=\u00a0\u00bb0&Prime; uncode_shortcode_id=\u00a0\u00bb290184&Prime; overlay_color_type=\u00a0\u00bbuncode-palette\u00a0\u00bb][vc_column column_width_percent=\u00a0\u00bb100&Prime; position_vertical=\u00a0\u00bbbottom\u00a0\u00bb align_horizontal=\u00a0\u00bbalign_center\u00a0\u00bb gutter_size=\u00a0\u00bb3&Prime; style=\u00a0\u00bbdark\u00a0\u00bb overlay_alpha=\u00a0\u00bb50&Prime; shift_x=\u00a0\u00bb0&Prime; shift_y=\u00a0\u00bb0&Prime; shift_y_down=\u00a0\u00bb0&Prime; z_index=\u00a0\u00bb0&Prime; medium_width=\u00a0\u00bb0&Prime; mobile_width=\u00a0\u00bb0&Prime; width=\u00a0\u00bb1\/1&Prime; uncode_shortcode_id=\u00a0\u00bb177383&Prime;][vc_custom_heading uncode_shortcode_id=\u00a0\u00bb239653&Prime;]<img decoding=\"async\" class=\"alignnone wp-image-26\" src=\"https:\/\/lamaisonmadeira.com\/wp-content\/uploads\/2024\/10\/logo-principal-300x126.png\" alt=\"\" width=\"462\" height=\"194\" srcset=\"https:\/\/lamaisonmadeira.com\/wp-content\/uploads\/2024\/10\/logo-principal-300x126.png 300w, https:\/\/lamaisonmadeira.com\/wp-content\/uploads\/2024\/10\/logo-principal-350x146.png 350w, https:\/\/lamaisonmadeira.com\/wp-content\/uploads\/2024\/10\/logo-principal.png 650w\" sizes=\"(max-width: 462px) 100vw, 462px\" \/>[\/vc_custom_heading][vc_empty_space empty_h=\u00a0\u00bb4&Prime;][vc_custom_heading text_color=\u00a0\u00bbcolor-xsdn\u00a0\u00bb text_size=\u00a0\u00bbh6&Prime; text_transform=\u00a0\u00bbuppercase\u00a0\u00bb uncode_shortcode_id=\u00a0\u00bb296625&Prime; text_color_type=\u00a0\u00bbuncode-palette\u00a0\u00bb]site en construction[\/vc_custom_heading][vc_empty_space empty_h=\u00a0\u00bb4&Prime;][\/vc_column][\/vc_row][vc_row unlock_row_content=\u00a0\u00bbyes\u00a0\u00bb row_height_percent=\u00a0\u00bb0&Prime; override_padding=\u00a0\u00bbyes\u00a0\u00bb h_padding=\u00a0\u00bb0&Prime; top_padding=\u00a0\u00bb0&Prime; bottom_padding=\u00a0\u00bb4&Prime; back_color=\u00a0\u00bbcolor-203177&Prime; overlay_alpha=\u00a0\u00bb0&Prime; gutter_size=\u00a0\u00bb100&Prime; column_width_percent=\u00a0\u00bb100&Prime; shift_y=\u00a0\u00bb0&Prime; z_index=\u00a0\u00bb0&Prime; content_parallax=\u00a0\u00bb0&Prime; style=\u00a0\u00bbinherited\u00a0\u00bb el_class=\u00a0\u00bbdemo-section demo-dark-background demo-homepages overflow-hidden\u00a0\u00bb uncode_shortcode_id=\u00a0\u00bb542073&Prime; back_color_type=\u00a0\u00bbuncode-palette\u00a0\u00bb el_id=\u00a0\u00bbdemos\u00a0\u00bb shape_dividers=\u00a0\u00bb\u00a0\u00bb][vc_column column_width_percent=\u00a0\u00bb100&Prime; position_horizontal=\u00a0\u00bbleft\u00a0\u00bb align_horizontal=\u00a0\u00bbalign_center\u00a0\u00bb gutter_size=\u00a0\u00bb4&Prime; style=\u00a0\u00bbdark\u00a0\u00bb overlay_alpha=\u00a0\u00bb100&Prime; shift_x=\u00a0\u00bb0&Prime; shift_y=\u00a0\u00bb0&Prime; shift_y_down=\u00a0\u00bb0&Prime; z_index=\u00a0\u00bb0&Prime; medium_width=\u00a0\u00bb0&Prime; mobile_width=\u00a0\u00bb0&Prime; zoom_width=\u00a0\u00bb0&Prime; zoom_height=\u00a0\u00bb0&Prime; width=\u00a0\u00bb1\/1&Prime; uncode_shortcode_id=\u00a0\u00bb181730&Prime;][uncode_index el_id=\u00a0\u00bbindex-10&Prime; index_type=\u00a0\u00bbcss_grid\u00a0\u00bb loop=\u00a0\u00bbsize:All|order_by:date|order:ASC|post_type:page|by_id:136146,133121,133042,136909,132948,134308,134539,133275,136328,135512,135826,133582,137069,127018,125575,125511,125035,123414,123346,123151,122029,120658,120324,119733,119471,119462,119460,119132,119085,119068,119044,119027,118930,115934,106506,105624,101330,101328,101325,101323,101320,101318,94321,93118,90097,90091,90081,90073,90069,90065,90057,90054,90050,90047,79878,79865,79828,79815,79786,79769,79727,75930,75823,75812,75602,74516,72412,72407,72416,68719,66687,65986,65805,65550,58945,58600,57560,54967,54944,54936,54932,54926,54922,54911,54892,54885,45653,44854,44835,44822,37056,21524,19884,19064,18379,7172,6549,4935,4925,4917,4894,4858,4835,4503|taxonomy_count:10&Prime; screen_lg_items=\u00a0\u00bb3&Prime; screen_lg_breakpoint=\u00a0\u00bb1300&Prime; screen_md_items=\u00a0\u00bb2&Prime; screen_md_breakpoint=\u00a0\u00bb900&Prime; screen_sm_items=\u00a0\u00bb1&Prime; screen_sm_breakpoint=\u00a0\u00bb480&Prime; filtering=\u00a0\u00bbyes\u00a0\u00bb filter_style=\u00a0\u00bbdark\u00a0\u00bb filter_back_color=\u00a0\u00bbcolor-wayh\u00a0\u00bb filtering_full_width=\u00a0\u00bbyes\u00a0\u00bb filtering_position=\u00a0\u00bbcenter\u00a0\u00bb filter_mobile=\u00a0\u00bbyes\u00a0\u00bb filter_scroll=\u00a0\u00bbyes\u00a0\u00bb filter_sticky=\u00a0\u00bbyes\u00a0\u00bb gutter_size=\u00a0\u00bb3&Prime; inner_padding=\u00a0\u00bbyes\u00a0\u00bb post_items=\u00a0\u00bbtitle,media,text,link,author,date,category,extra\u00a0\u00bb product_items=\u00a0\u00bbtitle,media,text,category,price\u00a0\u00bb portfolio_items=\u00a0\u00bbtitle,media,text,category\u00a0\u00bb css_grid_images_size=\u00a0\u00bbthree-two\u00a0\u00bb single_style=\u00a0\u00bbdark\u00a0\u00bb single_overlay_color=\u00a0\u00bbcolor-wayh\u00a0\u00bb single_overlay_opacity=\u00a0\u00bb15&Prime; single_text_anim=\u00a0\u00bbno\u00a0\u00bb single_image_anim=\u00a0\u00bbno\u00a0\u00bb single_h_align=\u00a0\u00bbcenter\u00a0\u00bb single_padding=\u00a0\u00bb2&Prime; single_text_reduced=\u00a0\u00bbyes\u00a0\u00bb single_title_dimension=\u00a0\u00bbfontsize-160000&Prime; single_title_transform=\u00a0\u00bbcapitalize\u00a0\u00bb single_shadow=\u00a0\u00bbyes\u00a0\u00bb shadow_weight=\u00a0\u00bbstd\u00a0\u00bb shadow_darker=\u00a0\u00bbyes\u00a0\u00bb single_border=\u00a0\u00bbyes\u00a0\u00bb single_css_animation=\u00a0\u00bbalpha-anim\u00a0\u00bb single_animation_speed=\u00a0\u00bb400&Prime; single_animation_sequential=\u00a0\u00bbno\u00a0\u00bb custom_order=\u00a0\u00bbyes\u00a0\u00bb no_double_tap=\u00a0\u00bbyes\u00a0\u00bb pagination_per_page=\u00a0\u00bb0&Prime; single_animation_filters=\u00a0\u00bbyes\u00a0\u00bb filtering_style=\u00a0\u00bblight\u00a0\u00bb single_no_background=\u00a0\u00bbyes\u00a0\u00bb single_title_bold=\u00a0\u00bbyes\u00a0\u00bb single_title_serif=\u00a0\u00bb\u00a0\u00bb single_title_divider=\u00a0\u00bb\u00a0\u00bb single_half_padding=\u00a0\u00bbyes\u00a0\u00bb items=\u00a0\u00bbe30=\u00a0\u00bb single_link=\u00a0\u00bb||\u00a0\u00bb footer_position=\u00a0\u00bbleft\u00a0\u00bb carousel_rtl=\u00a0\u00bb\u00a0\u00bb filtering_transform=\u00a0\u00bbuppercase\u00a0\u00bb order_ids=\u00a0\u00bb37056,115934,90081,44835,119460,119733,135512,134308,125035,136328,137069,133042,133275,133121,90047,75602,123414,123151,136146,133582,58600,135826,4935,132948,75823,134539,101328,57560,119085,79769,4835,125511,90097,127018,119462,119471,120324,75812,72412,54911,105624,136909,119027,101325,119044,125575,79828,118930,90091,79786,90050,101330,101318,122029,93118,119068,4925,19884,94321,119132,4894,90054,19064,123346,18379,90073,79865,106506,6549,65550,4858,65805,75930,44822,120658,72416,101320,90057,74516,65986,66687,58945,54967,79878,21524,7172,90069,54944,68719,54885,45653,79815,54932,54922,54892,4503,54936,4917,79727,72407,90065,101323,54926,44854&Prime; uncode_shortcode_id=\u00a0\u00bb702424&Prime; filter_back_color_type=\u00a0\u00bbuncode-palette\u00a0\u00bb][\/vc_column][\/vc_row][vc_row row_height_percent=\u00a0\u00bb0&Prime; back_color=\u00a0\u00bbcolor-214133&Prime; overlay_alpha=\u00a0\u00bb50&Prime; gutter_size=\u00a0\u00bb3&Prime; column_width_percent=\u00a0\u00bb100&Prime; shift_y=\u00a0\u00bb0&Prime; z_index=\u00a0\u00bb0&Prime; content_parallax=\u00a0\u00bb0&Prime; uncode_shortcode_id=\u00a0\u00bb137417&Prime; back_color_type=\u00a0\u00bbuncode-palette\u00a0\u00bb][vc_column column_width_percent=\u00a0\u00bb50&Prime; align_horizontal=\u00a0\u00bbalign_center\u00a0\u00bb gutter_size=\u00a0\u00bb3&Prime; overlay_alpha=\u00a0\u00bb50&Prime; shift_x=\u00a0\u00bb0&Prime; shift_y=\u00a0\u00bb0&Prime; shift_y_down=\u00a0\u00bb0&Prime; z_index=\u00a0\u00bb0&Prime; medium_width=\u00a0\u00bb0&Prime; mobile_width=\u00a0\u00bb0&Prime; width=\u00a0\u00bb1\/1&Prime; uncode_shortcode_id=\u00a0\u00bb143723&Prime;][vc_empty_space empty_h=\u00a0\u00bb2&Prime;][vc_custom_heading uncode_shortcode_id=\u00a0\u00bb608412&Prime;]<img decoding=\"async\" class=\"alignnone size-medium wp-image-63\" src=\"https:\/\/lamaisonmadeira.com\/wp-content\/uploads\/2024\/10\/logo-secondaire-300x89.png\" alt=\"\" width=\"300\" height=\"89\" srcset=\"https:\/\/lamaisonmadeira.com\/wp-content\/uploads\/2024\/10\/logo-secondaire-300x89.png 300w, https:\/\/lamaisonmadeira.com\/wp-content\/uploads\/2024\/10\/logo-secondaire-350x103.png 350w, https:\/\/lamaisonmadeira.com\/wp-content\/uploads\/2024\/10\/logo-secondaire.png 501w\" sizes=\"(max-width: 300px) 100vw, 300px\" \/>[\/vc_custom_heading][vc_custom_heading text_color=\u00a0\u00bbcolor-131494&Prime; text_size=\u00a0\u00bbh6&Prime; uncode_shortcode_id=\u00a0\u00bb468002&Prime; text_color_type=\u00a0\u00bbuncode-palette\u00a0\u00bb]Ce texte g\u00e9n\u00e9r\u00e9 al\u00e9atoirement (lorem ipsum) peut \u00eatre utilis\u00e9 dans vos maquettes (webdesign, sites internet, livres, affiches&#8230;) gratuitement. Ce texte est enti\u00e8rement libre de droit.[\/vc_custom_heading][\/vc_column][\/vc_row][vc_row row_height_percent=\u00a0\u00bb0&Prime; back_color=\u00a0\u00bbcolor-214133&Prime; overlay_alpha=\u00a0\u00bb50&Prime; gutter_size=\u00a0\u00bb3&Prime; column_width_percent=\u00a0\u00bb100&Prime; shift_y=\u00a0\u00bb0&Prime; z_index=\u00a0\u00bb0&Prime; content_parallax=\u00a0\u00bb0&Prime; uncode_shortcode_id=\u00a0\u00bb562982&Prime; back_color_type=\u00a0\u00bbuncode-palette\u00a0\u00bb][vc_column column_width_percent=\u00a0\u00bb100&Prime; align_horizontal=\u00a0\u00bbalign_right\u00a0\u00bb gutter_size=\u00a0\u00bb3&Prime; overlay_alpha=\u00a0\u00bb50&Prime; shift_x=\u00a0\u00bb0&Prime; shift_y=\u00a0\u00bb0&Prime; shift_y_down=\u00a0\u00bb0&Prime; z_index=\u00a0\u00bb0&Prime; medium_width=\u00a0\u00bb0&Prime; mobile_width=\u00a0\u00bb0&Prime; width=\u00a0\u00bb1\/4&Prime; uncode_shortcode_id=\u00a0\u00bb289315&Prime;][vc_custom_heading uncode_shortcode_id=\u00a0\u00bb201235&Prime;]<img decoding=\"async\" class=\"alignnone size-medium wp-image-58\" src=\"https:\/\/lamaisonmadeira.com\/wp-content\/uploads\/2024\/10\/jason-wang-5MG8cQbw-T8-unsplash-225x300.jpg\" alt=\"\" width=\"228\" height=\"342\" \/>[\/vc_custom_heading][\/vc_column][vc_column column_width_percent=\u00a0\u00bb100&Prime; align_horizontal=\u00a0\u00bbalign_center\u00a0\u00bb gutter_size=\u00a0\u00bb3&Prime; overlay_alpha=\u00a0\u00bb50&Prime; shift_x=\u00a0\u00bb0&Prime; shift_y=\u00a0\u00bb0&Prime; shift_y_down=\u00a0\u00bb0&Prime; z_index=\u00a0\u00bb0&Prime; medium_width=\u00a0\u00bb0&Prime; mobile_width=\u00a0\u00bb0&Prime; width=\u00a0\u00bb1\/2&Prime; uncode_shortcode_id=\u00a0\u00bb989319&Prime;][vc_custom_heading uncode_shortcode_id=\u00a0\u00bb104343&Prime;]<img decoding=\"async\" class=\"alignnone wp-image-56\" src=\"https:\/\/lamaisonmadeira.com\/wp-content\/uploads\/2024\/10\/fauteuil-design-gubi-200x300.webp\" alt=\"\" width=\"320\" height=\"480\" srcset=\"https:\/\/lamaisonmadeira.com\/wp-content\/uploads\/2024\/10\/fauteuil-design-gubi-200x300.webp 200w, https:\/\/lamaisonmadeira.com\/wp-content\/uploads\/2024\/10\/fauteuil-design-gubi-683x1024.webp 683w, https:\/\/lamaisonmadeira.com\/wp-content\/uploads\/2024\/10\/fauteuil-design-gubi-768x1152.webp 768w, https:\/\/lamaisonmadeira.com\/wp-content\/uploads\/2024\/10\/fauteuil-design-gubi-1024x1536.webp 1024w, https:\/\/lamaisonmadeira.com\/wp-content\/uploads\/2024\/10\/fauteuil-design-gubi-1366x2048.webp 1366w, https:\/\/lamaisonmadeira.com\/wp-content\/uploads\/2024\/10\/fauteuil-design-gubi-350x525.webp 350w, https:\/\/lamaisonmadeira.com\/wp-content\/uploads\/2024\/10\/fauteuil-design-gubi-uai-900x1350.webp 900w, https:\/\/lamaisonmadeira.com\/wp-content\/uploads\/2024\/10\/fauteuil-design-gubi.webp 1633w\" sizes=\"(max-width: 320px) 100vw, 320px\" \/>[\/vc_custom_heading][\/vc_column][vc_column column_width_percent=\u00a0\u00bb100&Prime; gutter_size=\u00a0\u00bb3&Prime; overlay_alpha=\u00a0\u00bb50&Prime; shift_x=\u00a0\u00bb0&Prime; shift_y=\u00a0\u00bb0&Prime; shift_y_down=\u00a0\u00bb0&Prime; z_index=\u00a0\u00bb0&Prime; medium_width=\u00a0\u00bb0&Prime; mobile_width=\u00a0\u00bb0&Prime; width=\u00a0\u00bb1\/4&Prime; uncode_shortcode_id=\u00a0\u00bb891062&Prime;][vc_custom_heading uncode_shortcode_id=\u00a0\u00bb156657&Prime;]<img decoding=\"async\" class=\"alignnone wp-image-53\" src=\"https:\/\/lamaisonmadeira.com\/wp-content\/uploads\/2024\/10\/charlesdeluvio-x108OZZfzdc-unsplash-200x300.jpg\" alt=\"\" width=\"228\" height=\"342\" srcset=\"https:\/\/lamaisonmadeira.com\/wp-content\/uploads\/2024\/10\/charlesdeluvio-x108OZZfzdc-unsplash-200x300.jpg 200w, https:\/\/lamaisonmadeira.com\/wp-content\/uploads\/2024\/10\/charlesdeluvio-x108OZZfzdc-unsplash-683x1024.jpg 683w, https:\/\/lamaisonmadeira.com\/wp-content\/uploads\/2024\/10\/charlesdeluvio-x108OZZfzdc-unsplash-768x1152.jpg 768w, https:\/\/lamaisonmadeira.com\/wp-content\/uploads\/2024\/10\/charlesdeluvio-x108OZZfzdc-unsplash-1024x1536.jpg 1024w, https:\/\/lamaisonmadeira.com\/wp-content\/uploads\/2024\/10\/charlesdeluvio-x108OZZfzdc-unsplash-1365x2048.jpg 1365w, https:\/\/lamaisonmadeira.com\/wp-content\/uploads\/2024\/10\/charlesdeluvio-x108OZZfzdc-unsplash-350x525.jpg 350w, https:\/\/lamaisonmadeira.com\/wp-content\/uploads\/2024\/10\/charlesdeluvio-x108OZZfzdc-unsplash-scaled.jpg 1707w\" sizes=\"(max-width: 228px) 100vw, 228px\" \/>[\/vc_custom_heading][\/vc_column][\/vc_row]<\/p>\n<\/div>","protected":false},"excerpt":{"rendered":"<p>[vc_row unlock_row_content=\u00a0\u00bbyes\u00a0\u00bb row_height_percent=\u00a0\u00bb100&Prime; back_image=\u00a0\u00bb25&Prime; overlay_color=\u00a0\u00bbcolor-203177&Prime; overlay_alpha=\u00a0\u00bb80&Prime; overlay_color_blend=\u00a0\u00bbmultiply\u00a0\u00bb gutter_size=\u00a0\u00bb3&Prime; column_width_percent=\u00a0\u00bb100&Prime; shift_y=\u00a0\u00bb0&Prime; z_index=\u00a0\u00bb0&Prime; content_parallax=\u00a0\u00bb0&Prime; uncode_shortcode_id=\u00a0\u00bb290184&Prime; overlay_color_type=\u00a0\u00bbuncode-palette\u00a0\u00bb][vc_column column_width_percent=\u00a0\u00bb100&Prime; position_vertical=\u00a0\u00bbbottom\u00a0\u00bb align_horizontal=\u00a0\u00bbalign_center\u00a0\u00bb gutter_size=\u00a0\u00bb3&Prime; style=\u00a0\u00bbdark\u00a0\u00bb overlay_alpha=\u00a0\u00bb50&Prime; [&hellip;]<\/p>\n","protected":false},"author":1,"featured_media":0,"parent":0,"menu_order":0,"comment_status":"closed","ping_status":"closed","template":"","meta":{"footnotes":""},"class_list":["post-45","page","type-page","status-publish","hentry"],"_links":{"self":[{"href":"https:\/\/lamaisonmadeira.com\/index.php\/wp-json\/wp\/v2\/pages\/45","targetHints":{"allow":["GET"]}}],"collection":[{"href":"https:\/\/lamaisonmadeira.com\/index.php\/wp-json\/wp\/v2\/pages"}],"about":[{"href":"https:\/\/lamaisonmadeira.com\/index.php\/wp-json\/wp\/v2\/types\/page"}],"author":[{"embeddable":true,"href":"https:\/\/lamaisonmadeira.com\/index.php\/wp-json\/wp\/v2\/users\/1"}],"replies":[{"embeddable":true,"href":"https:\/\/lamaisonmadeira.com\/index.php\/wp-json\/wp\/v2\/comments?post=45"}],"version-history":[{"count":12,"href":"https:\/\/lamaisonmadeira.com\/index.php\/wp-json\/wp\/v2\/pages\/45\/revisions"}],"predecessor-version":[{"id":49,"href":"https:\/\/lamaisonmadeira.com\/index.php\/wp-json\/wp\/v2\/pages\/45\/revisions\/49"}],"wp:attachment":[{"href":"https:\/\/lamaisonmadeira.com\/index.php\/wp-json\/wp\/v2\/media?parent=45"}],"curies":[{"name":"wp","href":"https:\/\/api.w.org\/{rel}","templated":true}]}}